{"id":532,"date":"2022-03-17T18:42:51","date_gmt":"2022-03-17T18:42:51","guid":{"rendered":"https:\/\/cofradiamatrizandujar.org\/?page_id=532"},"modified":"2022-03-30T08:21:36","modified_gmt":"2022-03-30T08:21:36","slug":"cultos","status":"publish","type":"page","link":"https:\/\/cofradiamatrizandujar.org\/en\/la-romeria\/cultos","title":{"rendered":"Cults"},"content":{"rendered":"<ul class=\"wp-block-list\"><li>Appearance. \u2013 Morning from 11 to 12 August.<\/li><li>Ninth Andujar \u2013 Week Pilgrimage.<\/li><li>Ninth Sanctuary.<\/li><li>Candlemas \u2013 February.<\/li><li>Pilgrimage White. \u2013 October<\/li><li>Treat. \u2013 December<\/li><li>Saturday. Last Saturday of every month.<\/li><li>Mass Patronage. \u2013 18 March.<\/li><\/ul>","protected":false},"excerpt":{"rendered":"<p>Aparici\u00f3n. &#8211; Madrugada del 11 al 12 de Agosto. Novena And\u00fajar &#8211; Semana siguiente a Romer\u00eda. Novena Santuario. Candelaria &#8211; Febrero. Peregrinaci\u00f3n Blanca. &#8211; Octubre Agasajo. &#8211; Diciembre Sabatina. \u00daltimo s\u00e1bado de cada mes. Misa Patronazgo. \u2013 18 Marzo.<\/p>","protected":false},"author":1,"featured_media":973,"parent":128,"menu_order":0,"comment_status":"closed","ping_status":"closed","template":"","meta":{"_genesis_hide_title":false,"_genesis_hide_breadcrumbs":false,"_genesis_hide_singular_image":false,"_genesis_hide_footer_widgets":false,"_genesis_custom_body_class":"","_genesis_custom_post_class":"","_genesis_layout":"","footnotes":""},"class_list":{"0":"post-532","1":"page","2":"type-page","3":"status-publish","4":"has-post-thumbnail","6":"entry"},"featured_image_src":"https:\/\/cofradiamatrizandujar.org\/wp-content\/uploads\/2022\/03\/cultos-600x400.jpg","featured_image_src_square":"https:\/\/cofradiamatrizandujar.org\/wp-content\/uploads\/2022\/03\/cultos-600x600.jpg","_links":{"self":[{"href":"https:\/\/cofradiamatrizandujar.org\/en\/wp-json\/wp\/v2\/pages\/532","targetHints":{"allow":["GET"]}}],"collection":[{"href":"https:\/\/cofradiamatrizandujar.org\/en\/wp-json\/wp\/v2\/pages"}],"about":[{"href":"https:\/\/cofradiamatrizandujar.org\/en\/wp-json\/wp\/v2\/types\/page"}],"author":[{"embeddable":true,"href":"https:\/\/cofradiamatrizandujar.org\/en\/wp-json\/wp\/v2\/users\/1"}],"replies":[{"embeddable":true,"href":"https:\/\/cofradiamatrizandujar.org\/en\/wp-json\/wp\/v2\/comments?post=532"}],"version-history":[{"count":1,"href":"https:\/\/cofradiamatrizandujar.org\/en\/wp-json\/wp\/v2\/pages\/532\/revisions"}],"predecessor-version":[{"id":533,"href":"https:\/\/cofradiamatrizandujar.org\/en\/wp-json\/wp\/v2\/pages\/532\/revisions\/533"}],"up":[{"embeddable":true,"href":"https:\/\/cofradiamatrizandujar.org\/en\/wp-json\/wp\/v2\/pages\/128"}],"wp:featuredmedia":[{"embeddable":true,"href":"https:\/\/cofradiamatrizandujar.org\/en\/wp-json\/wp\/v2\/media\/973"}],"wp:attachment":[{"href":"https:\/\/cofradiamatrizandujar.org\/en\/wp-json\/wp\/v2\/media?parent=532"}],"curies":[{"name":"wp","href":"https:\/\/api.w.org\/{rel}","templated":true}]}}

<p>Aparición. &#8211; Madrugada del 11 al 12 de Agosto. Novena Andújar &#8211; Semana siguiente a Romería. Novena Santuario. Candelaria &#8211; Febrero. Peregrinación Blanca. &#8211; Octubre Agasajo. &#8211; Diciembre Sabatina. Último sábado de cada mes. Misa Patronazgo. – 18 Marzo.</p>
