{"id":559,"date":"2022-03-18T09:36:10","date_gmt":"2022-03-18T09:36:10","guid":{"rendered":"https:\/\/cofradiamatrizandujar.org\/?page_id=559"},"modified":"2022-08-23T15:22:05","modified_gmt":"2022-08-23T15:22:05","slug":"leyenda","status":"publish","type":"page","link":"https:\/\/cofradiamatrizandujar.org\/en\/la-imagen\/leyenda","title":{"rendered":"Legend"},"content":{"rendered":"<p>Account the oral tradition that, when you come to Spain, San Eufrasio, a disciple of st. James the apostle and first bishop of And\u00fajar, brought with him an Image of the Blessed. Virgin on the worshiped and devotion, and whose author was Luke. In the seventh century when And\u00fajar was occupied by the arabs, our greatest hid the Sacred Image among a few rocks in one of the higher slopes and inaccessible parts of the Sierra Morena to prevent its desecration.<\/p>\n\n\n\n<p>Five centuries later, already reconquered And\u00fajar by Fernando III the Saint, says the voice of the poeple that on the night of 11 to 12 August, 1227 was the pastor of Colomera (Granada, spain), Juan Alonso Rivas, taking care of the cattle of neighbor Arjona, when he began to see strange lights in the top of a hill, and to hear the incessant sound of a bell. He left then the pastor amazed, among rocks and thickets, to the top of the mountain known as the Head and in the concavity of two rocks, which ministered unto him of the tabernacle, he found an Image of Our Lady.<\/p>\n\n\n\n<figure class=\"wp-block-gallery has-nested-images columns-default is-cropped wp-block-gallery-1 is-layout-flex wp-block-gallery-is-layout-flex\">\n<figure class=\"wp-block-image size-large is-style-default\"><a href=\"https:\/\/cofradiamatrizandujar.org\/en\/la-imagen\/leyenda\/litografia-antigua-virgen-de-la-cabeza\/\"><img loading=\"lazy\" decoding=\"async\" width=\"800\" height=\"1198\" data-id=\"870\" src=\"https:\/\/cofradiamatrizandujar.org\/wp-content\/uploads\/2022\/03\/litografia-antigua-virgen-de-la-cabeza.jpg\" alt=\"\" class=\"wp-image-870\" srcset=\"https:\/\/cofradiamatrizandujar.org\/wp-content\/uploads\/2022\/03\/litografia-antigua-virgen-de-la-cabeza.jpg 800w, https:\/\/cofradiamatrizandujar.org\/wp-content\/uploads\/2022\/03\/litografia-antigua-virgen-de-la-cabeza-200x300.jpg 200w, https:\/\/cofradiamatrizandujar.org\/wp-content\/uploads\/2022\/03\/litografia-antigua-virgen-de-la-cabeza-684x1024.jpg 684w, https:\/\/cofradiamatrizandujar.org\/wp-content\/uploads\/2022\/03\/litografia-antigua-virgen-de-la-cabeza-768x1150.jpg 768w, https:\/\/cofradiamatrizandujar.org\/wp-content\/uploads\/2022\/03\/litografia-antigua-virgen-de-la-cabeza-520x780.jpg 520w\" sizes=\"auto, (max-width: 800px) 100vw, 800px\" \/><\/a><figcaption>Lithography Old<\/figcaption><\/figure>\n\n\n\n<figure class=\"wp-block-image size-large is-style-default\"><a href=\"https:\/\/cofradiamatrizandujar.org\/en\/la-imagen\/leyenda\/lancha-grabado-virgen-de-la-cabeza-villa-canas\/\"><img loading=\"lazy\" decoding=\"async\" width=\"800\" height=\"1200\" data-id=\"869\" src=\"https:\/\/cofradiamatrizandujar.org\/wp-content\/uploads\/2022\/03\/lancha-grabado-virgen-de-la-cabeza-villa-canas.jpg\" alt=\"\" class=\"wp-image-869\" srcset=\"https:\/\/cofradiamatrizandujar.org\/wp-content\/uploads\/2022\/03\/lancha-grabado-virgen-de-la-cabeza-villa-canas.jpg 800w, https:\/\/cofradiamatrizandujar.org\/wp-content\/uploads\/2022\/03\/lancha-grabado-virgen-de-la-cabeza-villa-canas-200x300.jpg 200w, https:\/\/cofradiamatrizandujar.org\/wp-content\/uploads\/2022\/03\/lancha-grabado-virgen-de-la-cabeza-villa-canas-683x1024.jpg 683w, https:\/\/cofradiamatrizandujar.org\/wp-content\/uploads\/2022\/03\/lancha-grabado-virgen-de-la-cabeza-villa-canas-768x1152.jpg 768w, https:\/\/cofradiamatrizandujar.org\/wp-content\/uploads\/2022\/03\/lancha-grabado-virgen-de-la-cabeza-villa-canas-520x780.jpg 520w\" sizes=\"auto, (max-width: 800px) 100vw, 800px\" \/><\/a><figcaption>Boat Engraving<\/figcaption><\/figure>\n\n\n\n<figure class=\"wp-block-image size-large is-style-default\"><a href=\"https:\/\/cofradiamatrizandujar.org\/en\/la-imagen\/leyenda\/cuadro-aparicion-virgen-cabeza-banos-de-la-encina\/\"><img loading=\"lazy\" decoding=\"async\" width=\"800\" height=\"1200\" data-id=\"868\" src=\"https:\/\/cofradiamatrizandujar.org\/wp-content\/uploads\/2022\/03\/cuadro-aparicion-virgen-cabeza-banos-de-la-encina.jpg\" alt=\"\" class=\"wp-image-868\" srcset=\"https:\/\/cofradiamatrizandujar.org\/wp-content\/uploads\/2022\/03\/cuadro-aparicion-virgen-cabeza-banos-de-la-encina.jpg 800w, https:\/\/cofradiamatrizandujar.org\/wp-content\/uploads\/2022\/03\/cuadro-aparicion-virgen-cabeza-banos-de-la-encina-200x300.jpg 200w, https:\/\/cofradiamatrizandujar.org\/wp-content\/uploads\/2022\/03\/cuadro-aparicion-virgen-cabeza-banos-de-la-encina-683x1024.jpg 683w, https:\/\/cofradiamatrizandujar.org\/wp-content\/uploads\/2022\/03\/cuadro-aparicion-virgen-cabeza-banos-de-la-encina-768x1152.jpg 768w, https:\/\/cofradiamatrizandujar.org\/wp-content\/uploads\/2022\/03\/cuadro-aparicion-virgen-cabeza-banos-de-la-encina-520x780.jpg 520w\" sizes=\"auto, (max-width: 800px) 100vw, 800px\" \/><\/a><figcaption>Appearance<\/figcaption><\/figure>\n<\/figure>\n\n\n\n<hr class=\"wp-block-separator has-alpha-channel-opacity\"\/>\n\n\n\n<p>To give testimony to the town of And\u00fajar of such a miraculous discovery, and as proof of this appearance, the pastor, who was maimed in the right arm, was cured. Before the amazing event many citizens and the authorities were on top of the mountain where they found the Holy Image, as the pastor had instructed them. It was then taken to the city being deposited in the Church of St Mary Major, where he soon began to go to worship.<\/p>\n\n\n\n<p>The iliturgitanos, built near And\u00fajar chapels in San Amancio and San Gines, but the intention of the Stma. Virgin, was that the people would build a chapel on the hill where he appeared, on several occasions, he disappeared from the Church where they were trying to, and establish his cult, to be found again in the place where he wanted to take her home. Finally, And\u00fajar, understood and agreed to the wishes of Ntra. Lady and began to build on the hill of the Head of a temple dedicated to his worship, under the title of &#034;our LADY OF THE HEAD&#034;.<\/p>\n\n\n\n<figure class=\"wp-block-gallery has-nested-images columns-default is-cropped wp-block-gallery-2 is-layout-flex wp-block-gallery-is-layout-flex\">\n<figure class=\"wp-block-image size-large is-style-default\"><a href=\"https:\/\/cofradiamatrizandujar.org\/en\/la-imagen\/leyenda\/cuadro-virgen-de-la-cabeza\/\"><img loading=\"lazy\" decoding=\"async\" width=\"817\" height=\"1024\" data-id=\"1149\" src=\"https:\/\/cofradiamatrizandujar.org\/wp-content\/uploads\/2022\/03\/cuadro-virgen-de-la-cabeza-817x1024.jpg\" alt=\"\" class=\"wp-image-1149\" srcset=\"https:\/\/cofradiamatrizandujar.org\/wp-content\/uploads\/2022\/03\/cuadro-virgen-de-la-cabeza-817x1024.jpg 817w, https:\/\/cofradiamatrizandujar.org\/wp-content\/uploads\/2022\/03\/cuadro-virgen-de-la-cabeza-240x300.jpg 240w, https:\/\/cofradiamatrizandujar.org\/wp-content\/uploads\/2022\/03\/cuadro-virgen-de-la-cabeza-768x962.jpg 768w, https:\/\/cofradiamatrizandujar.org\/wp-content\/uploads\/2022\/03\/cuadro-virgen-de-la-cabeza.jpg 958w\" sizes=\"auto, (max-width: 817px) 100vw, 817px\" \/><\/a><\/figure>\n\n\n\n<figure class=\"wp-block-image size-large is-style-default\"><a href=\"https:\/\/cofradiamatrizandujar.org\/en\/la-imagen\/leyenda\/estampa-virgen-de-la-cabeza-antigua\/\"><img loading=\"lazy\" decoding=\"async\" width=\"688\" height=\"900\" data-id=\"1150\" src=\"https:\/\/cofradiamatrizandujar.org\/wp-content\/uploads\/2022\/03\/estampa-virgen-de-la-cabeza-antigua.jpg\" alt=\"\" class=\"wp-image-1150\" srcset=\"https:\/\/cofradiamatrizandujar.org\/wp-content\/uploads\/2022\/03\/estampa-virgen-de-la-cabeza-antigua.jpg 688w, https:\/\/cofradiamatrizandujar.org\/wp-content\/uploads\/2022\/03\/estampa-virgen-de-la-cabeza-antigua-229x300.jpg 229w\" sizes=\"auto, (max-width: 688px) 100vw, 688px\" \/><\/a><\/figure>\n\n\n\n<figure class=\"wp-block-image size-large is-style-default\"><a href=\"https:\/\/cofradiamatrizandujar.org\/en\/la-imagen\/leyenda\/pintura-sobre-seda-antigua\/\"><img loading=\"lazy\" decoding=\"async\" width=\"459\" height=\"600\" data-id=\"1148\" src=\"https:\/\/cofradiamatrizandujar.org\/wp-content\/uploads\/2022\/03\/pintura-sobre-seda-antigua.jpg\" alt=\"\" class=\"wp-image-1148\" srcset=\"https:\/\/cofradiamatrizandujar.org\/wp-content\/uploads\/2022\/03\/pintura-sobre-seda-antigua.jpg 459w, https:\/\/cofradiamatrizandujar.org\/wp-content\/uploads\/2022\/03\/pintura-sobre-seda-antigua-230x300.jpg 230w\" sizes=\"auto, (max-width: 459px) 100vw, 459px\" \/><\/a><\/figure>\n<\/figure>","protected":false},"excerpt":{"rendered":"<p>Cuenta la tradici\u00f3n oral que, al venir a Espa\u00f1a San Eufrasio, disc\u00edpulo del ap\u00f3stol Santiago y primer obispo de And\u00fajar, tra\u00eda consigo una Imagen de la Stma. Virgen a la que rend\u00eda culto y devoci\u00f3n, y cuyo autor era San Lucas. En el siglo VII cuando And\u00fajar fue ocupada por los \u00e1rabes, nuestros mayores escondieron [&hellip;]<\/p>\n","protected":false},"author":1,"featured_media":1106,"parent":96,"menu_order":0,"comment_status":"closed","ping_status":"closed","template":"","meta":{"_genesis_hide_title":false,"_genesis_hide_breadcrumbs":false,"_genesis_hide_singular_image":false,"_genesis_hide_footer_widgets":false,"_genesis_custom_body_class":"","_genesis_custom_post_class":"","_genesis_layout":"","footnotes":""},"class_list":{"0":"post-559","1":"page","2":"type-page","3":"status-publish","4":"has-post-thumbnail","6":"entry"},"featured_image_src":"https:\/\/cofradiamatrizandujar.org\/wp-content\/uploads\/2022\/03\/leyenda-600x400.jpg","featured_image_src_square":"https:\/\/cofradiamatrizandujar.org\/wp-content\/uploads\/2022\/03\/leyenda-600x600.jpg","_links":{"self":[{"href":"https:\/\/cofradiamatrizandujar.org\/en\/wp-json\/wp\/v2\/pages\/559","targetHints":{"allow":["GET"]}}],"collection":[{"href":"https:\/\/cofradiamatrizandujar.org\/en\/wp-json\/wp\/v2\/pages"}],"about":[{"href":"https:\/\/cofradiamatrizandujar.org\/en\/wp-json\/wp\/v2\/types\/page"}],"author":[{"embeddable":true,"href":"https:\/\/cofradiamatrizandujar.org\/en\/wp-json\/wp\/v2\/users\/1"}],"replies":[{"embeddable":true,"href":"https:\/\/cofradiamatrizandujar.org\/en\/wp-json\/wp\/v2\/comments?post=559"}],"version-history":[{"count":6,"href":"https:\/\/cofradiamatrizandujar.org\/en\/wp-json\/wp\/v2\/pages\/559\/revisions"}],"predecessor-version":[{"id":3562,"href":"https:\/\/cofradiamatrizandujar.org\/en\/wp-json\/wp\/v2\/pages\/559\/revisions\/3562"}],"up":[{"embeddable":true,"href":"https:\/\/cofradiamatrizandujar.org\/en\/wp-json\/wp\/v2\/pages\/96"}],"wp:featuredmedia":[{"embeddable":true,"href":"https:\/\/cofradiamatrizandujar.org\/en\/wp-json\/wp\/v2\/media\/1106"}],"wp:attachment":[{"href":"https:\/\/cofradiamatrizandujar.org\/en\/wp-json\/wp\/v2\/media?parent=559"}],"curies":[{"name":"wp","href":"https:\/\/api.w.org\/{rel}","templated":true}]}}

<p>Account the oral tradition that, when you come to Spain, San Eufrasio, a disciple of st. James the apostle and first bishop of Andújar, brought with him an Image of the Blessed. Virgin on the worshiped and devotion, and whose author was Luke. In the seventh century when Andújar was occupied by the arabs, our greatest hid the Sacred Image among a few rocks in one of the higher slopes and inaccessible parts of the Sierra Morena to prevent its desecration.</p>



<p>Five centuries later, already reconquered Andújar by Fernando III the Saint, says the voice of the poeple that on the night of 11 to 12 August, 1227 was the pastor of Colomera (Granada, spain), Juan Alonso Rivas, taking care of the cattle of neighbor Arjona, when he began to see strange lights in the top of a hill, and to hear the incessant sound of a bell. He left then the pastor amazed, among rocks and thickets, to the top of the mountain known as the Head and in the concavity of two rocks, which ministered unto him of the tabernacle, he found an Image of Our Lady.</p>



<figure class="wp-block-gallery has-nested-images columns-default is-cropped wp-block-gallery-1 is-layout-flex wp-block-gallery-is-layout-flex">
<figure class="wp-block-image size-large is-style-default"><a href="https://cofradiamatrizandujar.org/en/la-imagen/leyenda/litografia-antigua-virgen-de-la-cabeza/"><img loading="lazy" decoding="async" width="800" height="1198" data-id="870" src="https://cofradiamatrizandujar.org/wp-content/uploads/2022/03/litografia-antigua-virgen-de-la-cabeza.jpg" alt="" class="wp-image-870" srcset="https://cofradiamatrizandujar.org/wp-content/uploads/2022/03/litografia-antigua-virgen-de-la-cabeza.jpg 800w, https://cofradiamatrizandujar.org/wp-content/uploads/2022/03/litografia-antigua-virgen-de-la-cabeza-200x300.jpg 200w, https://cofradiamatrizandujar.org/wp-content/uploads/2022/03/litografia-antigua-virgen-de-la-cabeza-684x1024.jpg 684w, https://cofradiamatrizandujar.org/wp-content/uploads/2022/03/litografia-antigua-virgen-de-la-cabeza-768x1150.jpg 768w, https://cofradiamatrizandujar.org/wp-content/uploads/2022/03/litografia-antigua-virgen-de-la-cabeza-520x780.jpg 520w" sizes="auto, (max-width: 800px) 100vw, 800px" /></a><figcaption>Lithography Old</figcaption></figure>



<figure class="wp-block-image size-large is-style-default"><a href="https://cofradiamatrizandujar.org/en/la-imagen/leyenda/lancha-grabado-virgen-de-la-cabeza-villa-canas/"><img loading="lazy" decoding="async" width="800" height="1200" data-id="869" src="https://cofradiamatrizandujar.org/wp-content/uploads/2022/03/lancha-grabado-virgen-de-la-cabeza-villa-canas.jpg" alt="" class="wp-image-869" srcset="https://cofradiamatrizandujar.org/wp-content/uploads/2022/03/lancha-grabado-virgen-de-la-cabeza-villa-canas.jpg 800w, https://cofradiamatrizandujar.org/wp-content/uploads/2022/03/lancha-grabado-virgen-de-la-cabeza-villa-canas-200x300.jpg 200w, https://cofradiamatrizandujar.org/wp-content/uploads/2022/03/lancha-grabado-virgen-de-la-cabeza-villa-canas-683x1024.jpg 683w, https://cofradiamatrizandujar.org/wp-content/uploads/2022/03/lancha-grabado-virgen-de-la-cabeza-villa-canas-768x1152.jpg 768w, https://cofradiamatrizandujar.org/wp-content/uploads/2022/03/lancha-grabado-virgen-de-la-cabeza-villa-canas-520x780.jpg 520w" sizes="auto, (max-width: 800px) 100vw, 800px" /></a><figcaption>Boat Engraving</figcaption></figure>



<figure class="wp-block-image size-large is-style-default"><a href="https://cofradiamatrizandujar.org/en/la-imagen/leyenda/cuadro-aparicion-virgen-cabeza-banos-de-la-encina/"><img loading="lazy" decoding="async" width="800" height="1200" data-id="868" src="https://cofradiamatrizandujar.org/wp-content/uploads/2022/03/cuadro-aparicion-virgen-cabeza-banos-de-la-encina.jpg" alt="" class="wp-image-868" srcset="https://cofradiamatrizandujar.org/wp-content/uploads/2022/03/cuadro-aparicion-virgen-cabeza-banos-de-la-encina.jpg 800w, https://cofradiamatrizandujar.org/wp-content/uploads/2022/03/cuadro-aparicion-virgen-cabeza-banos-de-la-encina-200x300.jpg 200w, https://cofradiamatrizandujar.org/wp-content/uploads/2022/03/cuadro-aparicion-virgen-cabeza-banos-de-la-encina-683x1024.jpg 683w, https://cofradiamatrizandujar.org/wp-content/uploads/2022/03/cuadro-aparicion-virgen-cabeza-banos-de-la-encina-768x1152.jpg 768w, https://cofradiamatrizandujar.org/wp-content/uploads/2022/03/cuadro-aparicion-virgen-cabeza-banos-de-la-encina-520x780.jpg 520w" sizes="auto, (max-width: 800px) 100vw, 800px" /></a><figcaption>Appearance</figcaption></figure>
</figure>



<hr class="wp-block-separator has-alpha-channel-opacity"/>



<p>To give testimony to the town of Andújar of such a miraculous discovery, and as proof of this appearance, the pastor, who was maimed in the right arm, was cured. Before the amazing event many citizens and the authorities were on top of the mountain where they found the Holy Image, as the pastor had instructed them. It was then taken to the city being deposited in the Church of St Mary Major, where he soon began to go to worship.</p>



<p>The iliturgitanos, built near Andújar chapels in San Amancio and San Gines, but the intention of the Stma. Virgin, was that the people would build a chapel on the hill where he appeared, on several occasions, he disappeared from the Church where they were trying to, and establish his cult, to be found again in the place where he wanted to take her home. Finally, Andújar, understood and agreed to the wishes of Ntra. Lady and began to build on the hill of the Head of a temple dedicated to his worship, under the title of &#034;our LADY OF THE HEAD&#034;.</p>



<figure class="wp-block-gallery has-nested-images columns-default is-cropped wp-block-gallery-2 is-layout-flex wp-block-gallery-is-layout-flex">
<figure class="wp-block-image size-large is-style-default"><a href="https://cofradiamatrizandujar.org/en/la-imagen/leyenda/cuadro-virgen-de-la-cabeza/"><img loading="lazy" decoding="async" width="817" height="1024" data-id="1149" src="https://cofradiamatrizandujar.org/wp-content/uploads/2022/03/cuadro-virgen-de-la-cabeza-817x1024.jpg" alt="" class="wp-image-1149" srcset="https://cofradiamatrizandujar.org/wp-content/uploads/2022/03/cuadro-virgen-de-la-cabeza-817x1024.jpg 817w, https://cofradiamatrizandujar.org/wp-content/uploads/2022/03/cuadro-virgen-de-la-cabeza-240x300.jpg 240w, https://cofradiamatrizandujar.org/wp-content/uploads/2022/03/cuadro-virgen-de-la-cabeza-768x962.jpg 768w, https://cofradiamatrizandujar.org/wp-content/uploads/2022/03/cuadro-virgen-de-la-cabeza.jpg 958w" sizes="auto, (max-width: 817px) 100vw, 817px" /></a></figure>



<figure class="wp-block-image size-large is-style-default"><a href="https://cofradiamatrizandujar.org/en/la-imagen/leyenda/estampa-virgen-de-la-cabeza-antigua/"><img loading="lazy" decoding="async" width="688" height="900" data-id="1150" src="https://cofradiamatrizandujar.org/wp-content/uploads/2022/03/estampa-virgen-de-la-cabeza-antigua.jpg" alt="" class="wp-image-1150" srcset="https://cofradiamatrizandujar.org/wp-content/uploads/2022/03/estampa-virgen-de-la-cabeza-antigua.jpg 688w, https://cofradiamatrizandujar.org/wp-content/uploads/2022/03/estampa-virgen-de-la-cabeza-antigua-229x300.jpg 229w" sizes="auto, (max-width: 688px) 100vw, 688px" /></a></figure>



<figure class="wp-block-image size-large is-style-default"><a href="https://cofradiamatrizandujar.org/en/la-imagen/leyenda/pintura-sobre-seda-antigua/"><img loading="lazy" decoding="async" width="459" height="600" data-id="1148" src="https://cofradiamatrizandujar.org/wp-content/uploads/2022/03/pintura-sobre-seda-antigua.jpg" alt="" class="wp-image-1148" srcset="https://cofradiamatrizandujar.org/wp-content/uploads/2022/03/pintura-sobre-seda-antigua.jpg 459w, https://cofradiamatrizandujar.org/wp-content/uploads/2022/03/pintura-sobre-seda-antigua-230x300.jpg 230w" sizes="auto, (max-width: 459px) 100vw, 459px" /></a></figure>
</figure>

<p>Cuenta la tradición oral que, al venir a España San Eufrasio, discípulo del apóstol Santiago y primer obispo de Andújar, traía consigo una Imagen de la Stma. Virgen a la que rendía culto y devoción, y cuyo autor era San Lucas. En el siglo VII cuando Andújar fue ocupada por los árabes, nuestros mayores escondieron [&hellip;]</p>
